ert 9 (base 13) to base 10.
9
What is -75 (base 15) in base 4?
-1232
15 (base 14) to base 2
10011
-100011 (base 2) to base 5
-120
Convert -30 (base 4) to base 9.
-13
11 (base 16) to base 4
101
-9 (base 14) to base 5
-14
What is 31 (base 6) in base 4?
103
Convert -55 (base 8) to base 12.
-39
What is -57 (base 15) in base 7?
-145
-75 (base 13) to base 2
-1100000
Convert -3 (base 10) to base 15.
-3
What is -20 (base 9) in base 3?
-200
Convert -56 (base 15) to base 9.
-100
-102 (base 5) to base 10
-27
Convert 12 (base 15) to base 10.
17
Convert -1 (base 15) to base 9.
-1
Convert 2 (base 4) to base 8.
2
Convert -17 (base 13) to base 6.
-32
Convert -303 (base 4) to base 16.
-33
What is 3 (base 9) in base 3?
10
What is -a (base 11) in base 14?
-a
What is -4 (base 14) in base 3?
-11
Convert 3 (base 13) to base 15.
3
-7c (base 16) to base 15
-84
What is 2 (base 6) in base 14?
2
33 (base 6) to base 12
19
What is -3 (base 11) in base 6?
-3
Convert -2 (base 7) to base 5.
-2
Convert -19 (base 12) to base 4.
-111
Convert -25 (base 7) to base 2.
-10011
12 (base 3) to base 9
5
-41 (base 5) to base 14
-17
Convert -4 (base 8) to base 10.
-4
-17 (base 13) to base 7
-26
-240 (base 5) to base 15
-4a
Convert 36 (base 9) to base 13.
27
-111000 (base 2) to base 12
-48
What is -2 (base 7) in base 14?
-2
What is 14 (base 8) in base 6?
20
What is 11001111 (base 2) in base 15?
dc
-3 (base 4) to base 13
-3
Convert -5 (base 9) to base 2.
-101
What is 5 (base 7) in base 8?
5
What is 273 (base 11) in base 16?
142
Convert -1 (base 13) to base 6.
-1
What is -1 (base 15) in base 11?
-1
9b (base 12) to base 4
1313
31 (base 4) to base 8
15
Convert 12 (base 16) to base 11.
17
What is 20 (base 11) in base 5?
42
-18 (base 10) to base 16
-12
What is 6 (base 10) in base 16?
6
What is -d2 (base 14) in base 6?
-504
What is -1 (base 3) in base 16?
-1
Convert -50 (base 12) to base 7.
-114
-100 (base 2) to base 7
-4
What is 4 (base 13) in base 10?
4
What is -1 (base 10) in base 13?
-1
What is -50 (base 11) in base 5?
-210
14 (base 15) to base 11
18
-3 (base 13) to base 5
-3
What is 6 (base 8) in base 3?
20
Convert -111 (base 2) to base 5.
-12
What is 44 (base 6) in base 13?
22
Convert 2 (base 9) to base 6.
2
Convert 2 (base 13) to base 9.
2
What is -13 (base 16) in base 5?
-34
What is 0 (base 11) in base 4?
0
What is 1 (base 11) in base 6?
1
What is -8 (base 13) in base 2?
-1000
Convert -26 (base 14) to base 8.
-42
Convert 9b (base 15) to base 11.
123
Convert 2 (base 8) to base 6.
2
-1001 (base 2) to base 12
-9
Convert -1 (base 14) to base 3.
-1
Convert 3203 (base 4) to base 13.
146
Convert -336 (base 8) to base 9.
-266
What is -11 (base 4) in base 2?
-101
What is 20 (base 3) in base 6?
10
Convert -11 (base 16) to base 5.
-32
11 (base 4) to base 10
5
What is -10 (base 3) in base 4?
-3
What is 3 (base 10) in base 14?
3
-112 (base 3) to base 13
-11
-306 (base 7) to base 3
-12200
What is -21 (base 4) in base 11?
-9
What is 20 (base 8) in base 11?
15
Convert -3 (base 16) to base 11.
-3
What is 100 (base 3) in base 2?
1001
Convert 31 (base 16) to base 4.
301
-13 (base 7) to base 9
-11
-10 (base 2) to base 4
-2
Convert 50 (base 9) to base 15.
30
What is 216 (base 12) in base 16?
132
11001 (base 2) to base 14
1b
What is 14 (base 7) in base 8?
13
10120 (base 3) to base 6
240
Convert 71 (base 16) to base 5.
423
Convert -1 (base 12) to base 15.
-1
Convert -6 (base 11) to base 7.
-6
What is -4 (base 11) in base 4?
-10
-b (base 13) to base 11
-10
Convert 201 (base 12) to base 8.
441
What is 98 (base 13) in base 5?
1000
-31 (base 9) to base 12
-24
Convert 21 (base 3) to base 14.
7
What is -7 (base 13) in base 4?
-13
-102 (base 4) to base 5
-33
-10010 (base 3) to base 16
-54
What is 6b (base 16) in base 14?
79
Convert 100 (base 2) to base 10.
4
What is -8 (base 9) in base 10?
-8
What is 1010101 (base 2) in base 4?
1111
4 (base 10) to base 14
4
Convert 10100 (base 3) to base 12.
76
Convert -29 (base 13) to base 3.
-1022
-213 (base 5) to base 11
-53
What is -7 (base 12) in base 14?
-7
Convert -1 (base 7) to base 4.
-1
What is 3 (base 12) in base 16?
3
Convert -31 (base 16) to base 9.
-54
Convert -d (base 14) to base 7.
-16
What is 2 (base 15) in base 3?
2
Convert -663 (base 7) to base 15.
-179
What is 22 (base 16) in base 13?
28
What is 33 (base 9) in base 11?
28
-3 (base 5) to base 12
-3
What is -22 (base 6) in base 9?
-15
What is -106 (base 15) in base 3?
-22120
-1 (base 15) to base 3
-1
20 (base 10) to base 6
32
Convert 46 (base 12) to base 7.
105
Convert -2 (base 3) to base 10.
-2
-4 (base 5) to base 4
-10
What is 2 (base 7) in base 4?
2
a (base 11) to base 8
12
What is 0 (base 12) in base 3?
0
What is -a (base 14) in base 2?
-1010
What is -403 (base 7) in base 5?
-1244
What is 16 (base 12) in base 11?
17
-2 (base 15) to base 4
-2
-11011 (base 2) to base 3
-1000
What is 33 (base 5) in base 3?
200
What is -29 (base 14) in base 16?
-25
What is 11 (base 4) in base 16?
5
1d (base 16) to base 13
23
4 (base 13) to base 5
4
What is 0 (base 8) in base 4?
0
11021 (base 3) to base 15
7a
a (base 14) to base 11
a
1100001 (base 2) to base 15
67
Convert -106 (base 8) to base 2.
-1000110
-33 (base 10) to base 3
-1020
1200 (base 4) to base 14
6c
112 (base 4) to base 5
42
What is -30 (base 6) in base 13?
-15
3 (base 4) to base 15
3
-1 (base 4) to base 16
-1
What is 2 (base 15) in base 4?
2
What is -27 (base 16) in base 3?
-1110
What is 112 (base 9) in base 12?
78
Convert 4 (base 15) to base 11.
4
What is -d (base 14) in base 10?
-13
What is -5 (base 12) in base 14?
-5
What is 100 (base 3) in base 11?
9
What is 36 (base 12) in base 16?
2a
Convert -11 (base 2) to base 6.
-3
18 (base 15) to base 8
27
Convert -2 (base 11) to base 6.
-2
What is 2 (base 7) in base 9?
2
Convert 20 (base 3) to base 4.
12
What is -11 (base 10) in base 5?
-21
What is 2 (base 5) in base 4?
2
What is -9 (base 15) in base 6?
-13
-142 (base 5) to base 15
-32
Convert 6 (base 16) to base 4.
12
Convert 170 (base 12) to base 13.
147
Convert -3 (base 11) to base 2.
-11
Convert 28 (base 12) to base 11.
2a
Convert 53 (base 12) to base 2.
111111
7 (base 16) to base 12
7
Convert 10 (base 9) to base 2.
1001
Convert -1231 (base 5) to base 8.
-277
-3d (base 15) to base 2
-111010
-74 (base 16) to base 9
-138
133 (base 12) to base 15
c3
What is 7 (base 16) in base 13?
7
121 (base 5) to base 6
100
0 (base 14) to base 6
0
105 (base 8) to base 12
59
Convert 21 (base 3) to base 9.
7
-63 (base 16) to base 7
-201
What is -20 (base 4) in base 6?
-12
Convert -32 (base 4) to base 8.
-16
Convert -1 (base 11) to base 3.
-1
Convert 1 (base 4) to base 12.
1
What is 23 (base 11) in base 5?
100
What is 343 (base 6) in base 16?
87
Convert -5 (base 10) to base 4.
-11
What is -3 (base 10) in base 2?
-11
What is 523 (base 6) in base 16?
c3
What is -5 (base 6) in base 12?
-5
What is -19 (base 10) in base 16?
-13
What is -7 (base 14) in base 8?
-7
Convert -a (base 16) to base 10.
-10
Convert 10000 (base 2) to base 3.
121
-b1 (base 16) to base 2
-10110001
-2 (base 3) to base 10
-2
-3 (base 13) to base 4
-3
What is -7 (base 11) in base 3?
-21
Convert -7 (base 13) to base 6.
-11
-3 (base 15) to base 14
-3
Convert 10111 (base 2) to base 9.
25
Convert -13 (base 5) to base 11.
-8
What is -3 (base 11) in base 4?
-3
Convert -2d (base 14) to base 4.
-221
Convert -23 (base 4) to base 11.
-10
What is 33 (base 6) in base 10?
21
What is -6 (base 9) in base 8?
-6
Convert 1 (base 14) to base 3.
1
0 (base 15) to base 5
0
4 (base 6) to base 16
4
-65 (base 8) to base 16
-35
What is d (base 16) in base 4?
31
-302 (base 6) to base 9
-132
-1 (base 16) to base 2
-1
Convert -b7 (base 15) to base 16.
-ac
What is 9 (base 11) in base 9?
10
What is -3 (base 9) in base 3?
-10
Convert -10100 (base 2) to base 10.
-20
What is 10000 (base 3) in base 9?
100
Convert a (base 13) to base 4.
22
113 (base 4) to base 8
27
What is 1 (base 16) in base 5?
1
57 (base 12) to base 7
124
21 (base 3) to base 4
13
What is 4 (base 9) in base 13?
4
Convert -21 (base 5) to base 8.
-13
What is -3 (base 13) in base 9?
-3
-12 (base 4) to base 8
-6
Convert -110 (base 3) to base 10.
-12
-62 (base 8) to base 5
-200
Convert 3a (base 11) to base 10.
43
What is -1b (base 12) in base 15?
-18
Convert -4 (base 15) to base 5.
-4
Convert -6a